5*w, 2*h + f*h = -3*w + 17. Let y = h - -15. What is the units digit of y?
8
Suppose -5*c = -2*c + 5*n - 47, 2*c + 2*n = 26. Let g be (18/5)/((-8)/(-20)). What is the tens digit of 313/g - (-2)/c?
3
Suppose -35*n = -2*p - 34*n + 5992, -p + 3*n + 3001 = 0. What is the tens digit of p?
9
Suppose -148*q = -142*q - 2154. What is the hundreds digit of q?
3
Let x(s) = -s - 4. Let z be x(-2). Let h be 10*(z + 24/2). What is the units digit of h/(-15)*12/(-5)?
6
Let k(f) be the first derivative of f**6/360 - f**4/24 - 14*f**3/3 + 12. Let u(m) be the third derivative of k(m). What is the units digit of u(4)?
5
Let b be ((-36)/30)/(2/5). Let s(t) be the second derivative of -t**5/20 - t**4/12 - t**3/6 - 3*t**2/2 - 2*t. What is the tens digit of s(b)?
1
Let p(z) = -282*z - 28. What is the tens digit of p(-3)?
1
Let x(m) = -4*m**3 - 2*m**2 - m. Let s be x(-1). Suppose 17 = u + s*i - 23, 3*u + 3*i - 114 = 0. What is the tens digit of u?
3
Let z = 2 + 22. Let w = z + -44. Let r = -15 - w. What is the units digit of r?
5
Let y(k) be the first derivative of 4*k**2 - k - 1/4*k**4 - 8/3*k**3 - 3. What is the units digit of y(-9)?
8
Let a = 24 + -21. Suppose 88 = 3*q - 4*c, a*c = 6*q - q - 143. What is the tens digit of q?
2
Suppose 3*n + 5*o - 1703 - 713 = 0, 0 = -2*o + 4. What is the hundreds digit of n?
8
Let z(b) = -b**3 - 12*b**2 - 11*b + 5. Let n be z(-11). Suppose 0 = -n*f + 713 + 22. What is the hundreds digit of f?
1
Let p(c) = c**3 - 4*c**2 + 6*c + 48. What is the tens digit of p(10)?
0
Let i(j) = -24*j - 43. Suppose 0 = 2*g - 5*l + 20, -4*g + 0*l - 3*l - 40 = 0. What is the units digit of i(g)?
7
Let f = -14 + 22. What is the tens digit of f/(-6)*306/(-12)?
3
Let b be (3 + 1)/((-6)/(-3)). Suppose -4*z + 256 = 5*m - 96, b*z = 3*m - 220. What is the units digit of m?
2
Let a(d) = -3*d + 16. Let z be a(4). Let g be (-1 - -22)*16/6. Suppose g = z*h - 12. What is the units digit of h?
7
Let v(j) = -j**2 + 12*j + 13. Let f(a) = 3*a**2 - 35*a - 38. Suppose -8 = 5*n + 32. Let c(q) = n*v(q) - 3*f(q). What is the units digit of c(7)?
4
Suppose 2*d - 14*d - 17976 = 0. What is the hundreds digit of d/(-12) - 2/(-12)?
1
Suppose -3*c - 3*z + 1494 = 0, 3*c - 513 - 986 = 2*z. Suppose -4*b = -x + 6*x - c, -2*b + 255 = -3*x. What is the hundreds digit of b?
1
Suppose -n + 7 = -2*s, 6*n - n = -3*s + 22. What is the tens digit of 1/(s/(-61)) + -2?
5
Suppose -2*p = -2*a - 6*p + 1102, -a + p = -557. What is the tens digit of a?
5
Let r = 0 + 0. Suppose r = -7*i + 4*i - 54. Let s = -1 - i. What is the units digit of s?
7
Suppose -3*m = a - 1439, 4*a - 162 = -m + 325. What is the units digit of m?
9
Let f be (2 + -1)*1 + 5 + -3. What is the tens digit of (1 + 123/9)*3*f?
3
Let y be (2/4)/((-3)/42). Let b(a) be the second derivative of a**4/12 + a**3/2 - 9*a**2/2 + 7*a. What is the tens digit of b(y)?
1
Let x(m) = m - 1. Let y be x(-2). What is the tens digit of (-5)/((y + 7)/(-48))?
6
Suppose 3*b - 20 = 19. Suppose b*q - 11*q - 300 = 0. What is the units digit of q?
0
Let j = -8 - -10. Suppose r = o + 2*r - 41, 5*r = -j*o + 88. Suppose -o = -4*x + 9. What is the units digit of x?
2
Let b(k) = k - 40. Let j be b(17). What is the tens digit of (6/(-6) + j)/(1/(-2))?
4
Let m(p) = 7*p + 22. Let d be m(11). What is the units digit of (-3)/(d/(-2778)) - 6/33?
4
Let p(v) = -2*v**3 + 2*v**2 - 1. Let y be p(6). Let b = -245 - y. What is the units digit of b?
6
Let r(a) = 26*a**2 + 11*a - 3. What is the units digit of r(-4)?
9
Let l(w) = w**2 + 13*w - 1. Let n be l(-16). Let z = -24 + n. What is the tens digit of z?
2
Let l(p) = -2*p + 3. Let a be l(2). Let z be 2 + -3 + -64 - a. Let x = z + 119. What is the units digit of x?
5
What is the units digit of (6008/12)/(-3*8/(-36))?
1
Let y = -489 + 977. What is the tens digit of y?
8
Suppose 0 = -2*y + 2*r - 0*r + 1040, 4 = 4*r. What is the units digit of y?
1
Let r(p) be the third derivative of p**4/24 + 25*p**3/6 + 13*p**2. What is the tens digit of r(-15)?
1
Let q = 586 + -322. What is the tens digit of q?
6
Suppose -5*m + 5*o - 1 = 4, -3 = -3*m + o. Suppose -m = -i + 6. Suppose 0 = -4*b + 8 + i. What is the units digit of b?
4
Let y(z) = -2*z**3 + 6*z**2 + 3*z + 4. Let s be y(3). Let q(g) = -g**3 + 13*g**2 + 13*g - 30. What is the hundreds digit of q(s)?
1
Let m(w) = 4*w**2 + 8*w - 2 + 1 - 11*w**2 - w**3 + 4. Let k be m(-8). Suppose -39 - 9 = -k*u. What is the units digit of u?
6
Suppose -x = -5*g + 2*x - 10, g + 14 = 3*x. What is the units digit of 1*(-3 - -5)*g?
2
Suppose 0 = -5*h + l + 2110, -3*h + 11*l + 1266 = 9*l. Suppose -h - 358 = -6*g. What is the tens digit of g?
3
Suppose 0 = 5*a, -4*q = -3*a + 2*a + 288. Let o = -28 - q. What is the tens digit of o?
4
Let a(f) = f**3 - 7*f**2 + 3*f + 6. Let t = 12 - 10. Suppose 24 = 3*h - h - t*i, -16 = -3*h - i. What is the tens digit of a(h)?
2
Let i = 28 - 32. Let m be ((-65)/26)/(1/i). What is the units digit of 11*m/(-4)*-2?
5
Let r = -7 + 16. Suppose r*w - 4*w - 10 = 0. Suppose 5*z = 9*s - 5*s - 81, 5*z + 53 = w*s. What is the tens digit of s?
1
Suppose 5*k + 5*f - 2281 + 546 = 0, k - 5*f = 317. What is the tens digit of k?
4
Suppose 5*s - 546 = -y, 5 + 10 = 3*s. Let v = y + -369. What is the tens digit of v?
5
Suppose 0 = -0*z + 3*z. Suppose 2*x - x - 43 = z. What is the units digit of x?
3
Suppose 0 = 3*u - 3, -i - 2*u = -u - 293. What is the units digit of i?
2
Let c(i) = 14*i**2 - 6*i - 33. What is the hundreds digit of c(-3)?
1
Let z(r) = 10*r - 22. Let q = 18 - 12. What is the units digit of z(q)?
8
Suppose 44 = -6*p + 158. Let m = p - -1. What is the units digit of m?
0
Let c be 4/(-5) + (-928)/(-10). Suppose 0*k + n = -3*k + 211, k = 4*n + c. What is the tens digit of k?
7
Suppose -275*c = -272*c - 720. What is the hundreds digit of c?
2
Let r = 18 + -28. Let h = 134 + -90. Let m = h + r. What is the units digit of m?
4
Let i(r) = r**3 + 9*r**2 - 4*r - 8. Let f be i(-9). Suppose 5*v + 3 = f. Suppose -4*j + 2*j + 14 = v*p, 0 = 5*p + 5*j - 20. What is the units digit of p?
2
Suppose 3*y + 3120 = 9*y. What is the units digit of y?
0
Suppose 4*p + 24 = -0*b + b, -p + 5*b = -13. Let s be p + 10 - 1*3. Suppose -7 = -d - s. What is the units digit of d?
7
Let h be (-4 + 4)/(3*-1). Suppose -12*q + 13*q - 10 = h. What is the tens digit of q?
1
Suppose -2*m = 5*m - m. Suppose -7*r + 4*r + 342 = m. What is the hundreds digit of r?
1
Let y be 7*-1*(7 + -8). Let x = 32 + -31. Let r = y - x. What is the units digit of r?
6
Let f(r) = -r - 1. Let a be f(-4). Let m be 2*(-20)/(-8) + -2. Suppose w + m*l = -3, -4*l + 15 = a*w - l. What is the units digit of w?
9
Suppose 0*p - 4*p = 2*f - 20, 50 = 3*f - 4*p. Suppose -f = -n + 2*d, -2*n = d - 11 - 2. What is the units digit of n?
8
Suppose -w - 1 = 3*f, -12 = -5*w + 2*f - 0*f. Suppose -4*d + w*d + 4 = 0. What is the units digit of d + -6 - 18/(-2)?
5
Suppose 14*m - 320 = 9*m. Suppose 0 = -q - 2*q. Suppose 4*t - m = -2*s + 60, 3*t - 2*s - 107 = q. What is the units digit of t?
3
Suppose 0 = 3*o - 0*o - 9. Let y be (-2 - -3)/(1/16). Suppose o*h = 35 + y. What is the tens digit of h?
1
Suppose -t = -3*n - 4*t, 4*n - t = 10. Suppose -2*z + 5*x + 501 = 0, -n*x = -5*z + 2*x + 1261. What is the hundreds digit of z?
2
Let i(h) = 85*h + 1 - 2 - 1 - 56*h. What is the tens digit of i(1)?
2
Let l = -212 + 217. What is the units digit of l?
5
Suppose -3*c - 8*t + 4655 = -4*t, c - 1551 = -2*t. What is the tens digit of c?
5
Suppose 33*j = -10*j + 22790. What is the tens digit of j?
3
Suppose 0 = -3*r - f + 342, 2*f + 0*f = 2*r - 228. Suppose -4*j + r = -j. Suppose 4*s - s - j = -u, 2*s - 72 = -2*u. What is the units digit of u?
5
Let l = -1402 - -385. What is the units digit of l/(-36) + (-6)/(-8)?
9
Suppose -2*r + 4*q + 348 = 0, 674 = -13*r + 17*r + 3*q. What is the tens digit of r?
7
Let n(p) = 83*p**2 + 15*p - 14. What is the hundreds digit of n(5)?
1
Suppose 6*f = 5*f - 13. Let c(z) = z**3 + 12*z**2 - 13*z + 17. Let p be c(f). Suppose -5*d = 4*u - p, -4*d + 2*u + 4 = 6. What is the units digit of d?
1
Let o(b) = b**2 - 3*b - 13. Let l be o(6). Let x(n) = 4*n**2 + 2*n + 2. Let h be x(-4). Suppose -3*r - h = -l*r. What is the tens digit of r?
2
Let u = 5911 - 2212. What is the thousands digit of u?
3
What is the hundreds digit of (-221)/(-52)*3*64?
8
W